of p/m - (-2)/(-5)?
3
Let v = 34077 - -45835. What is the thousands digit of v?
9
Let j(x) = -11*x**2 - 2*x + 13. Let g be j(-8). Let c = 1032 + g. What is the tens digit of c?
5
Let w(y) = -y**2 - 20*y + 12. Let h be w(-13). Suppose 2*c - 1 = 3*n - 92, c - h = -4*n. Suppose -n = -21*s + 18*s. What is the units digit of s?
9
What is the hundreds digit of 0/(1/3*3) + (223 - -26004)?
2
Suppose -15*u = -21*u. Suppose u = -2*g - 4*g + 1266. What is the hundreds digit of g?
2
Suppose -5*g + 4*b = -56404, 0 = -2*b - 592 + 590. What is the ten thousands digit of g?
1
Suppose 0 = -25*h + 21*h + 28. Suppose h*f - 869 = 6425. What is the thousands digit of f?
1
Suppose 0 = x - 2. Suppose x*u = 5*m + 406, -4*u = -9 - 3. Let r = 63 - m. What is the hundreds digit of r?
1
Let f = 35 - 31. Let d be (f/12)/(1/42). What is the units digit of 18*5/(15/d)?
4
Let t(x) = 28*x + 9. Let f be t(-2). Let u = f + 158. What is the hundreds digit of u?
1
Let x be 795/4 + 2/8. Suppose 5*d + 300 = 3*i - 206, -21 = -3*i. Let u = d + x. What is the units digit of u?
2
Suppose 0 = 18*u - 22*u + 36. Suppose -2141 = -u*b - 125. What is the units digit of b?
4
What is the ten thousands digit of (15925/2 - 7/(-7))/((-51)/(-68))?
1
Let m = -12 + 60. Let v = 52 - m. Suppose 5*q = v*r + 682, 4*r + 0*r = 8. What is the tens digit of q?
3
Let u = 4566 - 2577. What is the tens digit of u?
8
Let o be 0/(((-6)/(-1))/3) + 5. Suppose 5*z - 4662 + 662 = -5*v, -z = o*v - 804. What is the units digit of z?
9
Let n(a) = 11*a**3 + 20*a**2 + 7*a - 5. Let v(l) = 2*l**3 + l**2 - l - 3. Let i(q) = n(q) - 5*v(q). What is the units digit of i(-13)?
2
Let f = -3435 - -4994. Let w = f + -834. What is the hundreds digit of w?
7
Suppose 5*w = -4*s + 55248, -w + 3*s + 11042 = -0*w. What is the thousands digit of w?
1
What is the units digit of (814/(-4))/((-38)/12 + 3)?
1
Let p be (-75)/(-2)*24/10. Let u(w) = -40*w**2 + 637*w + 3. Let q be u(16). Let l = q + p. What is the units digit of l?
5
Let i(q) be the first derivative of 39*q**4/2 - q**2 + 3*q - 140. What is the tens digit of i(2)?
2
Suppose -s + 3*x = -203, 5*x = -s + x + 231. Let c be (-5)/(-20) - (3 - 485/(-4)). Let z = c + s. What is the tens digit of z?
9
Let p be 5 + -3 + -3 + 5 + 14. Let x(c) be the second derivative of -c**4/12 + 3*c**3 + 17*c**2 + 3*c. What is the units digit of x(p)?
4
Suppose 0 = 14*m - 23*m + 3078. Let d = 54 + m. What is the hundreds digit of d?
3
Let w(p) = 2*p**2 + 8*p + 4. Let u be w(-8). Suppose -13*x = -17*x + u. Suppose -4*q - 3*z = -101, -4*q - 2*z + 89 = -x. What is the tens digit of q?
2
Let o be ((-343)/(-2))/(1 + 1/(-2)). Let i = o - 152. What is the units digit of i?
1
Suppose k = -q + 7534, 0 = -4*k - 6*q + 4*q + 30128. What is the tens digit of k?
3
Suppose -16460 - 19469 = -d + 5*g, 2*d - 3*g - 71844 = 0. What is the tens digit of d?
1
Suppose -22*r + 119 = 9. Suppose -770 = -d - 3*f - 119, -5*f - 3295 = -r*d. What is the tens digit of d?
5
Suppose 681*h + 63 = 674*h. Let o = h - -292. What is the tens digit of o?
8
Suppose -3*y = -3*c + 2*c - 2, 5*c = -y + 22. Suppose 2*x = x - y*z + 801, 4*z - 2411 = -3*x. What is the units digit of x?
9
Let a(r) = r**3 - r**2 + 6*r - 2. Let f be a(2). Suppose -3555 = -f*i - i. What is the units digit of i?
7
Let b = -3630 - -7830. What is the hundreds digit of b?
2
Suppose -6 - 7 = -4*t + b, b - 19 = -4*t. Suppose -2*n = 4*r - 639 - 1721, 5830 = 5*n - t*r. What is the hundreds digit of n?
1
Let d = 0 + 1. Let m(p) = 3*p**2 + p - 1. Let r be m(d). What is the units digit of (-1*r)/(26/(-78))?
9
What is the thousands digit of 9/(54/79712) + 28/(-21)?
3
Let n(j) = j**3 - 2*j**2 - 650. Let q be n(0). Let i = q - -1289. What is the units digit of i?
9
What is the tens digit of ((-36495)/(-5))/(((-66)/18)/(-11)) + -3?
9
Let k(n) = n**2 + 6*n - 12. Let c be k(-8). Suppose c*u - u = m - 15, 0 = -4*m - 4*u - 20. Suppose m*w = w - 175. What is the hundreds digit of w?
1
Let s = 67473 - 28406. What is the thousands digit of s?
9
What is the tens digit of (11735/60 - (-1)/(-4))*3/1?
8
Suppose 0 = d + 6 - 1, j + 2*d = -7. Suppose j*o + 936 = 12*o. What is the tens digit of o?
0
Suppose 2*k = -2*k. Suppose -2*m - 2*o + 0*o + 1554 = k, -3*o = -3*m + 2301. What is the hundreds digit of m?
7
Suppose -7*u - 6113 - 8419 = 0. Let a = 3456 + u. What is the tens digit of a?
8
What is the tens digit of ((-60)/(-16))/(20/536320*8)?
7
Let w(v) = -70*v - 99. Let u be (-5)/(6*(-6)/(-180)). What is the units digit of w(u)?
1
Let o be 36/(-12) - 3*-1. Let y = o + -3. What is the tens digit of (-322)/y + 2/3?
0
What is the thousands digit of ((-72)/16)/(36375/(-6060) + 6)?
1
Let m = -7036 - -13409. What is the thousands digit of m?
6
Suppose 1 = -n - 1, 2*s - 3*n = 4406. Suppose -i - 2*i + 5*k = -1640, -4*i + 4*k = -s. Suppose -138 = -11*w + i. What is the tens digit of w?
6
Let l(q) = 136*q - 66. Let p be l(8). Let z = 1875 - p. What is the units digit of z?
3
Let p = 738 + -1332. Let c = p - -844. What is the units digit of c?
0
Let f = -1740 + 13130. What is the units digit of f?
0
Let c = -61 - -110. Suppose c*h - 47*h = 4070. Suppose -6*y - 5*y + h = 0. What is the units digit of y?
5
Let n = 333 - 364. Let l = -90 + 198. Let v = l + n. What is the tens digit of v?
7
Let t(u) = 22*u**2 + 26*u**2 - 5 - 3*u - 47*u**2. Let p be t(-3). Let w(y) = 11*y + 13. What is the tens digit of w(p)?
5
Let p be 2642*12 - (4 - -2). What is the tens digit of 5 + p/45 - 6/15?
0
What is the tens digit of (-7 - -13749) + (-10 - -15)?
4
Suppose -102*m = -3621350 + 223220. What is the thousands digit of m?
3
Let r be (-178)/(4*4/(-296)). What is the thousands digit of (r - 58)*2/5?
1
Let k(a) = -a**3 + 13*a**2 + 21*a - 6. Let y(t) = t**2 + 2*t + 6. Let l = 44 - 48. Let q be y(l). What is the units digit of k(q)?
2
Suppose 0 = -33*b + 38625 - 1632. Suppose -2*x + b + 2 = 3*o, 0 = 3*x - 5*o - 1713. What is the tens digit of x?
6
Suppose 0 = 4*v + 3*s - 144, 0 = -0*v - 2*v - 4*s + 82. Let a = -9 + v. Let n = 83 - a. What is the units digit of n?
9
Let t(y) = 2182*y**2 + 545*y + 3310. What is the tens digit of t(-6)?
9
Let o = 25 + 3. Let v = 20 + o. Suppose i - v = 10. What is the tens digit of i?
5
Let t(x) = -3*x**3 + 69*x**2 - 10*x + 37. What is the units digit of t(5)?
7
Let l(t) = -165*t**3 + 6*t**2 + 42*t + 25. What is the thousands digit of l(-5)?
0
Let i = -25 + 19. Let m be i*(-2)/12 - (4 + -1). What is the units digit of m/(-11) - 1290/(-165)?
8
Suppose -25 = -12*t - 73. Let s(a) = -20*a**3 - 5*a**2 - 10*a - 5. What is the tens digit of s(t)?
3
Suppose 21*n + 3140 = -1627. Let r = 255 + n. What is the units digit of r?
8
Let x be 0/(0 + 5 + -4) + 13. Suppose 0 = k - x*k + 1956. What is the hundreds digit of k + 8/(10/(-5))?
1
Let m = 16072 - 11194. What is the tens digit of m?
7
Suppose 0 = 82*g - 74*g - 808. Let i = g - -9. What is the hundreds digit of i?
1
Suppose -2*d + 689 = -5*l, -120*l = -124*l + 20. What is the units digit of d?
7
Let k be 2/(-1) - (9 + (-4 - -266)). What is the hundreds digit of 508/(26/k + 88/42)?
2
Suppose -3*h + 78 = -3*k, -4*k - 20 = -2*h + 80. Let z(i) = -58*i + 111. What is the thousands digit of z(k)?
1
Let q(h) = 0 - 3 + 1 - h**2 - 5*h. Let n be q(-4). Suppose 3*v - 70 = -a - 0*v, -a + 70 = -n*v. What is the units digit of a?
0
Let l be (-2)/6*-17 - 2/(-6). Let w(f) = 7*f**3 - 8*f**2 + 12*f - 12. What is the tens digit of w(l)?
8
Let k = -36 - -28. Let h be (11*-2)/((-8)/(-4 - k)). What is the tens digit of ((-31)/(-11) - (-2)/h) + 53?
5
What is the tens digit of 17486 + (-6)/(66/(-55))?
9
Let l = -10357 - -15214. What is the tens digit of l?
5
Let g(r) = -533*r + 4078. What is the thousands digit of g(-75)?
4
Suppose -44495 = -3279*f + 3268*f. What is the units digit of f?
5
Let j(k) = 14*k**2 - 8*k + 4. Let v = 25 - 9. Let b = v - 13. What is the tens digit of j(b)?
0
Let m(w) = -153*w**3 + 2*w**2 - 1. Let j be m(1). Let b be 36/(-6) - 2 - 69. Let g = b - j. What is the tens digit of g?
7
Let p(i) = i**2 + 8*i - 103. Let v be p(16). Let l = v - 13. What is the units digit of l?
8
What is the units digit of (91 + 508)*11*1?
9
Let x(s) be the second derivative of 5*s**4/12 - 32*s**3/3 - 5*s**2/2 - 14*s. What is the hundreds digit of x(17)?
3
Suppose -2*m - 6*c + 4606 =